{"id":3548,"date":"2023-01-21T07:38:46","date_gmt":"2023-01-21T07:38:46","guid":{"rendered":"https:\/\/asfema.org\/blog\/?page_id=3548"},"modified":"2026-03-09T10:41:11","modified_gmt":"2026-03-09T10:41:11","slug":"banco-de-alimentos","status":"publish","type":"page","link":"https:\/\/asfema.org\/blog\/index.php\/banco-de-alimentos\/","title":{"rendered":"DISTRIBUCI\u00d3N DE ALIMENTOS BAJOS EN PROTE\u00cdNAS"},"content":{"rendered":"<blockquote>\n<h2><span style=\"vertical-align: inherit;\"><span style=\"vertical-align: inherit;\"><span style=\"vertical-align: inherit;\"><span style=\"vertical-align: inherit;\">BANCO DE ALIMENTOS<\/span><\/span><\/span><\/span><\/h2>\n<\/blockquote>\n<p><span style=\"vertical-align: inherit;\"><span style=\"vertical-align: inherit;\"><span style=\"vertical-align: inherit;\"><span style=\"vertical-align: inherit;\">Como sabes, nuestra asociaci\u00f3n se dedica a la distribuci\u00f3n de comida especial baja en prote\u00edna entre los socios. <\/span><\/span><\/span><span style=\"vertical-align: inherit;\"><span style=\"vertical-align: inherit;\"><span style=\"vertical-align: inherit;\">De esta manera procuramos paliar un poco la carga econ\u00f3mica que conlleva una dieta restringida en prote\u00ednas. <\/span><\/span><\/span><span style=\"vertical-align: inherit;\"><span style=\"vertical-align: inherit;\"><span style=\"vertical-align: inherit;\">Nos esforzamos en ofrecer gran variedad de productos en nuestro banco de alimentos para hacer la dieta m\u00e1s apetecible. <\/span><\/span><\/span><span style=\"vertical-align: inherit;\"><span style=\"vertical-align: inherit;\"><span style=\"vertical-align: inherit;\">Puedes descargar el archivo con el listado actual y consultar su disponibilidad.<\/span><\/span><\/span><\/span><\/p>\n<p style=\"text-align: center;\"><strong><a href=\"https:\/\/asfema.org\/blog\/wp-content\/uploads\/2025\/10\/PRECIOS-VENTA-09-10-2025.pdf\"><span style=\"vertical-align: inherit;\"><span style=\"vertical-align: inherit;\"><span style=\"vertical-align: inherit;\"><span style=\"vertical-align: inherit;\">HOJA DE PRODUCTOS DISPONIBLES<\/span><\/span><\/span><\/span><\/a><\/strong><\/p>\n<p><span style=\"vertical-align: inherit;\"><span style=\"vertical-align: inherit;\"><span style=\"vertical-align: inherit;\"><span style=\"vertical-align: inherit;\">\u00bfConoces un producto que quisieras tener en ASFEMA? <\/span><\/span><\/span><span style=\"vertical-align: inherit;\"><span style=\"vertical-align: inherit;\"><span style=\"vertical-align: inherit;\">\u00a1Av\u00edsanos! <\/span><\/span><\/span><span style=\"vertical-align: inherit;\"><span style=\"vertical-align: inherit;\"><span style=\"vertical-align: inherit;\">Si est\u00e1 en nuestras manos traerlo, lo intentaremos.<\/span><\/span><\/span><\/span><\/p>\n<h2><span style=\"vertical-align: inherit;\"><span style=\"vertical-align: inherit;\"><span style=\"vertical-align: inherit;\"><span style=\"vertical-align: inherit;\">Consulta los horarios de apertura<\/span><\/span><\/span><\/span><\/h2>\n<p>&nbsp;<\/p>\n<p style=\"text-align: center;\"><a href=\"https:\/\/asfema.org\/blog\/index.php\/calendario-apertura-asfema-2019\/\"><strong><span style=\"vertical-align: inherit;\"><span style=\"vertical-align: inherit;\"><span style=\"vertical-align: inherit;\"><span style=\"vertical-align: inherit;\">HORARIO DE APERTURA DURANTE 2026<\/span><\/span><\/span><\/span><\/strong><\/a><\/p>\n<h2><span style=\"vertical-align: inherit;\"><span style=\"vertical-align: inherit;\"><span style=\"vertical-align: inherit;\"><span style=\"vertical-align: inherit;\">Env\u00edos de comida a domicilio<\/span><\/span><\/span><\/span><\/h2>\n<p><span style=\"vertical-align: inherit;\"><span style=\"vertical-align: inherit;\"><span style=\"vertical-align: inherit;\"><span style=\"vertical-align: inherit;\">Tambi\u00e9n pod\u00e9is realizar <\/span><\/span><\/span><\/span><strong><span style=\"vertical-align: inherit;\"><span style=\"vertical-align: inherit;\"><span style=\"vertical-align: inherit;\"><span style=\"vertical-align: inherit;\">pedidos de comida<\/span><\/span><\/span><\/span><\/strong><span style=\"vertical-align: inherit;\"><span style=\"vertical-align: inherit;\"><span style=\"vertical-align: inherit;\"><span style=\"vertical-align: inherit;\"> baja en prote\u00edna y recibirlo en casa, siempre que <\/span><\/span><\/span><\/span><strong><span style=\"vertical-align: inherit;\"><span style=\"vertical-align: inherit;\"><span style=\"vertical-align: inherit;\"><span style=\"vertical-align: inherit;\">NO sea producto congelado<\/span><\/span><\/span><\/span><\/strong><span style=\"vertical-align: inherit;\"><span style=\"vertical-align: inherit;\"><span style=\"vertical-align: inherit;\"><span style=\"vertical-align: inherit;\"> y est\u00e9 disponible en nuestro banco de alimentos. <\/span><\/span><\/span><span style=\"vertical-align: inherit;\"><span style=\"vertical-align: inherit;\"><span style=\"vertical-align: inherit;\">Para ello, solo ten\u00e9is que llamar por tel\u00e9fono durante el horario de apertura del local para que vuestra petici\u00f3n pueda ser atendida.<\/span><\/span><\/span><\/span><\/p>\n<p><span style=\"vertical-align: inherit;\"><span style=\"vertical-align: inherit;\"><span style=\"vertical-align: inherit;\"><span style=\"vertical-align: inherit;\">Los portes que se cargar\u00e1n ser\u00e1n los siguientes:<\/span><\/span><\/span><\/span><\/p>\n<ul>\n<li><span style=\"vertical-align: inherit;\"><span style=\"vertical-align: inherit;\"><span style=\"vertical-align: inherit;\"><span style=\"vertical-align: inherit;\">Comunidad de Madrid &#8211; 8\u20ac hasta 5kg. <\/span><\/span><\/span><span style=\"vertical-align: inherit;\"><span style=\"vertical-align: inherit;\"><span style=\"vertical-align: inherit;\">A partir de los 5kg el precio puede variar.<\/span><\/span><\/span><\/span><\/li>\n<li><span style=\"vertical-align: inherit;\"><span style=\"vertical-align: inherit;\"><span style=\"vertical-align: inherit;\"><span style=\"vertical-align: inherit;\">Fuera de la Comunidad de Madrid &#8211; 15\u20ac hasta 5kg. <\/span><\/span><\/span><span style=\"vertical-align: inherit;\"><span style=\"vertical-align: inherit;\"><span style=\"vertical-align: inherit;\">A partir de los 5kg el precio puede ser varios.<\/span><\/span><\/span><\/span><\/li>\n<\/ul>\n<h2><span style=\"color: #ff0000;\"><span style=\"vertical-align: inherit;\"><span style=\"vertical-align: inherit;\"><span style=\"vertical-align: inherit;\"><span style=\"vertical-align: inherit;\">Acceso al Banco de Alimentos<\/span><\/span><\/span><\/span><\/span><\/h2>\n<p><span style=\"color: #ff0000;\"><span style=\"vertical-align: inherit;\"><span style=\"vertical-align: inherit;\">Todas las compras tendr\u00e1n un recargo del 20%* para los no asociados a Asfema o que no est\u00e9n al corriente de pago de la cuota de socio del a\u00f1o en curso.<\/span><\/span><\/span><\/p>\n<p><span style=\"vertical-align: inherit;\"><span style=\"vertical-align: inherit;\">* porcentaje sujeto a revisi\u00f3n<\/span><\/span><\/p>\n<h2><span style=\"vertical-align: inherit;\"><span style=\"vertical-align: inherit;\"><span style=\"vertical-align: inherit;\"><span style=\"vertical-align: inherit;\">Bolsas<\/span><\/span><\/span><\/span><\/h2>\n<p><span style=\"vertical-align: inherit;\"><span style=\"vertical-align: inherit;\"><span style=\"vertical-align: inherit;\"><span style=\"vertical-align: inherit;\">Las bolsas de pl\u00e1stico tendr\u00e1n un coste de 0,05 c\u00e9ntimos. <\/span><\/span><\/span><span style=\"vertical-align: inherit;\"><span style=\"vertical-align: inherit;\"><span style=\"vertical-align: inherit;\">Pr\u00f3ximamente tendremos a su disposici\u00f3n bolsas de tela personalizadas.<\/span><\/span><\/span><\/span><\/p>\n","protected":false},"excerpt":{"rendered":"<p>BANCO DE ALIMENTOS Como sabes, nuestra asociaci\u00f3n se dedica a la distribuci\u00f3n de comida especial baja en prote\u00edna entre los socios. De esta manera procuramos paliar un poco la carga econ\u00f3mica que conlleva una dieta restringida en prote\u00ednas. Nos esforzamos en ofrecer gran variedad de productos en nuestro banco de alimentos para hacer la dieta &hellip;<\/p>\n<p class=\"read-more\"> <a class=\"\" href=\"https:\/\/asfema.org\/blog\/index.php\/banco-de-alimentos\/\"> <span class=\"screen-reader-text\">DISTRIBUCI\u00d3N DE ALIMENTOS BAJOS EN PROTE\u00cdNAS<\/span> Read More &raquo;<\/a><\/p>\n","protected":false},"author":2,"featured_media":0,"parent":0,"menu_order":0,"comment_status":"closed","ping_status":"closed","template":"","meta":{"site-sidebar-layout":"default","site-content-layout":"default","ast-global-header-display":"","ast-banner-title-visibility":"","ast-main-header-display":"","ast-hfb-above-header-display":"","ast-hfb-below-header-display":"","ast-hfb-mobile-header-display":"","site-post-title":"","ast-breadcrumbs-content":"","ast-featured-img":"","footer-sml-layout":"","theme-transparent-header-meta":"default","adv-header-id-meta":"","stick-header-meta":"","header-above-stick-meta":"","header-main-stick-meta":"","header-below-stick-meta":"","footnotes":""},"acf":[],"_links":{"self":[{"href":"https:\/\/asfema.org\/blog\/index.php\/wp-json\/wp\/v2\/pages\/3548"}],"collection":[{"href":"https:\/\/asfema.org\/blog\/index.php\/wp-json\/wp\/v2\/pages"}],"about":[{"href":"https:\/\/asfema.org\/blog\/index.php\/wp-json\/wp\/v2\/types\/page"}],"author":[{"embeddable":true,"href":"https:\/\/asfema.org\/blog\/index.php\/wp-json\/wp\/v2\/users\/2"}],"replies":[{"embeddable":true,"href":"https:\/\/asfema.org\/blog\/index.php\/wp-json\/wp\/v2\/comments?post=3548"}],"version-history":[{"count":20,"href":"https:\/\/asfema.org\/blog\/index.php\/wp-json\/wp\/v2\/pages\/3548\/revisions"}],"predecessor-version":[{"id":6221,"href":"https:\/\/asfema.org\/blog\/index.php\/wp-json\/wp\/v2\/pages\/3548\/revisions\/6221"}],"wp:attachment":[{"href":"https:\/\/asfema.org\/blog\/index.php\/wp-json\/wp\/v2\/media?parent=3548"}],"curies":[{"name":"wp","href":"https:\/\/api.w.org\/{rel}","templated":true}]}}

DISTRIBUCIÓN DE ALIMENTOS BAJOS EN PROTEÍNAS

<blockquote>
<h2><span style="vertical-align: inherit;"><span style="vertical-align: inherit;"><span style="vertical-align: inherit;"><span style="vertical-align: inherit;">BANCO DE ALIMENTOS</span></span></span></span></h2>
</blockquote>
<p><span style="vertical-align: inherit;"><span style="vertical-align: inherit;"><span style="vertical-align: inherit;"><span style="vertical-align: inherit;">Como sabes, nuestra asociación se dedica a la distribución de comida especial baja en proteína entre los socios. </span></span></span><span style="vertical-align: inherit;"><span style="vertical-align: inherit;"><span style="vertical-align: inherit;">De esta manera procuramos paliar un poco la carga económica que conlleva una dieta restringida en proteínas. </span></span></span><span style="vertical-align: inherit;"><span style="vertical-align: inherit;"><span style="vertical-align: inherit;">Nos esforzamos en ofrecer gran variedad de productos en nuestro banco de alimentos para hacer la dieta más apetecible. </span></span></span><span style="vertical-align: inherit;"><span style="vertical-align: inherit;"><span style="vertical-align: inherit;">Puedes descargar el archivo con el listado actual y consultar su disponibilidad.</span></span></span></span></p>
<p style="text-align: center;"><strong><a href="https://asfema.org/blog/wp-content/uploads/2025/10/PRECIOS-VENTA-09-10-2025.pdf"><span style="vertical-align: inherit;"><span style="vertical-align: inherit;"><span style="vertical-align: inherit;"><span style="vertical-align: inherit;">HOJA DE PRODUCTOS DISPONIBLES</span></span></span></span></a></strong></p>
<p><span style="vertical-align: inherit;"><span style="vertical-align: inherit;"><span style="vertical-align: inherit;"><span style="vertical-align: inherit;">¿Conoces un producto que quisieras tener en ASFEMA? </span></span></span><span style="vertical-align: inherit;"><span style="vertical-align: inherit;"><span style="vertical-align: inherit;">¡Avísanos! </span></span></span><span style="vertical-align: inherit;"><span style="vertical-align: inherit;"><span style="vertical-align: inherit;">Si está en nuestras manos traerlo, lo intentaremos.</span></span></span></span></p>
<h2><span style="vertical-align: inherit;"><span style="vertical-align: inherit;"><span style="vertical-align: inherit;"><span style="vertical-align: inherit;">Consulta los horarios de apertura</span></span></span></span></h2>
<p>&nbsp;</p>
<p style="text-align: center;"><a href="https://asfema.org/blog/index.php/calendario-apertura-asfema-2019/"><strong><span style="vertical-align: inherit;"><span style="vertical-align: inherit;"><span style="vertical-align: inherit;"><span style="vertical-align: inherit;">HORARIO DE APERTURA DURANTE 2026</span></span></span></span></strong></a></p>
<h2><span style="vertical-align: inherit;"><span style="vertical-align: inherit;"><span style="vertical-align: inherit;"><span style="vertical-align: inherit;">Envíos de comida a domicilio</span></span></span></span></h2>
<p><span style="vertical-align: inherit;"><span style="vertical-align: inherit;"><span style="vertical-align: inherit;"><span style="vertical-align: inherit;">También podéis realizar </span></span></span></span><strong><span style="vertical-align: inherit;"><span style="vertical-align: inherit;"><span style="vertical-align: inherit;"><span style="vertical-align: inherit;">pedidos de comida</span></span></span></span></strong><span style="vertical-align: inherit;"><span style="vertical-align: inherit;"><span style="vertical-align: inherit;"><span style="vertical-align: inherit;"> baja en proteína y recibirlo en casa, siempre que </span></span></span></span><strong><span style="vertical-align: inherit;"><span style="vertical-align: inherit;"><span style="vertical-align: inherit;"><span style="vertical-align: inherit;">NO sea producto congelado</span></span></span></span></strong><span style="vertical-align: inherit;"><span style="vertical-align: inherit;"><span style="vertical-align: inherit;"><span style="vertical-align: inherit;"> y esté disponible en nuestro banco de alimentos. </span></span></span><span style="vertical-align: inherit;"><span style="vertical-align: inherit;"><span style="vertical-align: inherit;">Para ello, solo tenéis que llamar por teléfono durante el horario de apertura del local para que vuestra petición pueda ser atendida.</span></span></span></span></p>
<p><span style="vertical-align: inherit;"><span style="vertical-align: inherit;"><span style="vertical-align: inherit;"><span style="vertical-align: inherit;">Los portes que se cargarán serán los siguientes:</span></span></span></span></p>
<ul>
<li><span style="vertical-align: inherit;"><span style="vertical-align: inherit;"><span style="vertical-align: inherit;"><span style="vertical-align: inherit;">Comunidad de Madrid &#8211; 8€ hasta 5kg. </span></span></span><span style="vertical-align: inherit;"><span style="vertical-align: inherit;"><span style="vertical-align: inherit;">A partir de los 5kg el precio puede variar.</span></span></span></span></li>
<li><span style="vertical-align: inherit;"><span style="vertical-align: inherit;"><span style="vertical-align: inherit;"><span style="vertical-align: inherit;">Fuera de la Comunidad de Madrid &#8211; 15€ hasta 5kg. </span></span></span><span style="vertical-align: inherit;"><span style="vertical-align: inherit;"><span style="vertical-align: inherit;">A partir de los 5kg el precio puede ser varios.</span></span></span></span></li>
</ul>
<h2><span style="color: #ff0000;"><span style="vertical-align: inherit;"><span style="vertical-align: inherit;"><span style="vertical-align: inherit;"><span style="vertical-align: inherit;">Acceso al Banco de Alimentos</span></span></span></span></span></h2>
<p><span style="color: #ff0000;"><span style="vertical-align: inherit;"><span style="vertical-align: inherit;">Todas las compras tendrán un recargo del 20%* para los no asociados a Asfema o que no estén al corriente de pago de la cuota de socio del año en curso.</span></span></span></p>
<p><span style="vertical-align: inherit;"><span style="vertical-align: inherit;">* porcentaje sujeto a revisión</span></span></p>
<h2><span style="vertical-align: inherit;"><span style="vertical-align: inherit;"><span style="vertical-align: inherit;"><span style="vertical-align: inherit;">Bolsas</span></span></span></span></h2>
<p><span style="vertical-align: inherit;"><span style="vertical-align: inherit;"><span style="vertical-align: inherit;"><span style="vertical-align: inherit;">Las bolsas de plástico tendrán un coste de 0,05 céntimos. </span></span></span><span style="vertical-align: inherit;"><span style="vertical-align: inherit;"><span style="vertical-align: inherit;">Próximamente tendremos a su disposición bolsas de tela personalizadas.</span></span></span></span></p>

<p>BANCO DE ALIMENTOS Como sabes, nuestra asociación se dedica a la distribución de comida especial baja en proteína entre los socios. De esta manera procuramos paliar un poco la carga económica que conlleva una dieta restringida en proteínas. Nos esforzamos en ofrecer gran variedad de productos en nuestro banco de alimentos para hacer la dieta &hellip;</p>
<p class="read-more"> <a class="" href="https://asfema.org/blog/index.php/banco-de-alimentos/"> <span class="screen-reader-text">DISTRIBUCIÓN DE ALIMENTOS BAJOS EN PROTEÍNAS</span> Read More &raquo;</a></p>
