{"id":54,"date":"2016-09-01T04:03:54","date_gmt":"2016-09-01T04:03:54","guid":{"rendered":"https:\/\/asfema.org\/blog\/?page_id=54"},"modified":"2017-05-14T11:57:15","modified_gmt":"2017-05-14T11:57:15","slug":"contenido-en-proteinas-de-alto-valor-biologico-de-los-alimentos-naturales","status":"publish","type":"page","link":"https:\/\/asfema.org\/blog\/index.php\/contenido-en-proteinas-de-alto-valor-biologico-de-los-alimentos-naturales\/","title":{"rendered":"CONTENIDO EN PROTEINAS DE ALTO VALOR BIOLOGICO DE LOS ALIMENTOS NATURALES"},"content":{"rendered":"<p>&nbsp;<\/p>\n<p><strong>CONTENIDO EN PROTEINAS DE ALTO VALOR BIOLOGICO DE LOS ALIMENTOS NATURALES<\/strong><\/p>\n<p><strong>\u00a0<\/strong><\/p>\n<p align=\"center\">Dra. Belanger y Dra. Mart\u00ednez-Pardo<\/p>\n<p align=\"center\">Unidad de Enfermedades Metab\u00f3licas<\/p>\n<p align=\"center\">Servicio de Pediatr\u00eda Hospital Ram\u00f3n y Cajal<\/p>\n<p>La cantidad de prote\u00ednas de alto valor biol\u00f3gico de la siguiente lista est\u00e1 simplificada. La cantidad de prote\u00ednas cambia seg\u00fan el alimento en concreto de que se trate, de su madurez, de la forma de cocinarlo (crudo, frito, cocido)e incluso de la forma de procesarlo. Por motivos pr\u00e1cticos la cantidad de prote\u00ednas estimadas para cada alimento en nuestra consulta ser\u00e1 la expuesta a continuaci\u00f3n.<\/p>\n<table border=\"1\" cellspacing=\"0\" cellpadding=\"0\">\n<tbody>\n<tr>\n<td valign=\"top\" width=\"288\"><strong>ALIMENTOS<\/strong><\/td>\n<td valign=\"top\" width=\"288\"><strong>PROTEINAS DE ALTO VALOR BIOL\u00d3GICO<\/strong><\/td>\n<\/tr>\n<tr>\n<td colspan=\"2\" valign=\"top\" width=\"576\">\n<p align=\"center\"><strong>CARNES Y PRODUCTOS CARNICOS<\/strong><\/p>\n<\/td>\n<\/tr>\n<tr>\n<td valign=\"top\" width=\"288\">Carnes de todos los animales (vaca, cerdo, jam\u00f3n normal, cordero\u2026.etc)<\/td>\n<td valign=\"top\" width=\"288\">30 g por cada 100 de carne<\/td>\n<\/tr>\n<tr>\n<td valign=\"top\" width=\"288\">Aves (pollo, pavo, avestruz..etc)<\/td>\n<td valign=\"top\" width=\"288\">30g por cada 100 de carne<\/td>\n<\/tr>\n<tr>\n<td valign=\"top\" width=\"288\">Embutidos (jam\u00f3n Jabugo, Jam\u00f3n York, chorizo\u2026..etc)<\/td>\n<td valign=\"top\" width=\"288\">17g por cada 100 de embutido<\/td>\n<\/tr>\n<tr>\n<td valign=\"top\" width=\"288\">Beicon \/panceta<\/td>\n<td valign=\"top\" width=\"288\">4g por cada 100 de beicon<\/td>\n<\/tr>\n<tr>\n<td valign=\"top\" width=\"288\">Tocino<\/td>\n<td valign=\"top\" width=\"288\">2g por cada 100 de tocino <strong>sin piel<\/strong><\/td>\n<\/tr>\n<tr>\n<td valign=\"top\" width=\"288\">Salchichas<\/td>\n<td valign=\"top\" width=\"288\">2g por cada 25g de salchichas pincho<\/p>\n<p>3g por cada salchicha mediana normal<\/td>\n<\/tr>\n<tr>\n<td valign=\"top\" width=\"288\">Pescados (blancos y azules)<\/td>\n<td valign=\"top\" width=\"288\">30g por cada 100 de pescado<\/p>\n<p>3g una sardina peque\u00f1a en aceite<\/td>\n<\/tr>\n<tr>\n<td valign=\"top\" width=\"288\">Mariscos (gambas, cangrejos\u2026.etc)<\/td>\n<td valign=\"top\" width=\"288\">30g por cada 100 de marisco sin c\u00e1scara<\/td>\n<\/tr>\n<tr>\n<td valign=\"top\" width=\"288\">Moluscos (pulpo, calamar, almejas\u2026etc)<\/td>\n<td valign=\"top\" width=\"288\">30g por cada 100 de carne<\/td>\n<\/tr>\n<tr>\n<td colspan=\"2\" valign=\"top\" width=\"576\">\n<p align=\"center\"><strong>PRODUCTOS LACTEOS Y HUEVOS<\/strong><\/p>\n<\/td>\n<\/tr>\n<tr>\n<td valign=\"top\" width=\"288\">Leche de vaca, cabra\u2026<\/td>\n<td valign=\"top\" width=\"288\">3g por cada 100cc de leche<\/td>\n<\/tr>\n<tr>\n<td valign=\"top\" width=\"288\">Queso<\/td>\n<td valign=\"top\" width=\"288\">30g por cada 100 de queso<\/td>\n<\/tr>\n<tr>\n<td valign=\"top\" width=\"288\">Mantequilla<\/td>\n<td valign=\"top\" width=\"288\">LIBRE en nuestra consulta<\/td>\n<\/tr>\n<tr>\n<td valign=\"top\" width=\"288\">Yogur<\/td>\n<td valign=\"top\" width=\"288\">4g en cada yogur de 125cc<\/td>\n<\/tr>\n<tr>\n<td valign=\"top\" width=\"288\">Nata<\/td>\n<td valign=\"top\" width=\"288\">2g por 100 de nata<\/td>\n<\/tr>\n<tr>\n<td valign=\"top\" width=\"288\">Huevos<\/td>\n<td valign=\"top\" width=\"288\">2g la yema de un huevo mediano<\/p>\n<p>5g la clara de un huevo mediano<\/td>\n<\/tr>\n<tr>\n<td valign=\"top\" width=\"288\"><\/td>\n<td valign=\"top\" width=\"288\">7g un huevo entero mediano<\/td>\n<\/tr>\n<tr>\n<td valign=\"top\" width=\"288\">Helado<\/td>\n<td valign=\"top\" width=\"288\">2g por cada 2 bolas peque\u00f1as de helado<\/p>\n<p>Polos sin leche LIBRES<\/td>\n<\/tr>\n<tr>\n<td colspan=\"2\" valign=\"top\" width=\"576\">\n<p align=\"center\"><strong>CEREALES Y LEGUMBRES<\/strong><\/p>\n<\/td>\n<\/tr>\n<tr>\n<td valign=\"top\" width=\"288\">Cereales ( trigo, arroz, ma\u00edz, avena\u2026.etc)<\/td>\n<td valign=\"top\" width=\"288\">10g por 100 en peso seco<\/p>\n<p>2g por 100 cocido<\/td>\n<\/tr>\n<tr>\n<td valign=\"top\" width=\"288\">Pan<\/td>\n<td valign=\"top\" width=\"288\">2g por 25g de pan normal<\/p>\n<p>2g por cada rebanada de pan molde<\/td>\n<\/tr>\n<tr>\n<td valign=\"top\" width=\"288\">Levadura<\/td>\n<td valign=\"top\" width=\"288\">3g por cada 100 de levadura<\/td>\n<\/tr>\n<tr>\n<td valign=\"top\" width=\"288\">Maizena<\/td>\n<td valign=\"top\" width=\"288\">LIBRE<\/td>\n<\/tr>\n<tr>\n<td valign=\"top\" width=\"288\">Pasta (Macarrones, espagueti..etc)<\/td>\n<td valign=\"top\" width=\"288\">10g por 100g en peso seco<\/p>\n<p>2g por 100 cocidos<\/td>\n<\/tr>\n<tr>\n<td valign=\"top\" width=\"288\">Galletas<\/td>\n<td valign=\"top\" width=\"288\">2g cada galleta Mar\u00eda Fontaneda<\/p>\n<p>Mirar las otras marcas<\/td>\n<\/tr>\n<tr>\n<td valign=\"top\" width=\"288\">Cereales Desayuno<\/td>\n<td valign=\"top\" width=\"288\">Mirar cada producto<\/td>\n<\/tr>\n<tr>\n<td valign=\"top\" width=\"288\">Churros<\/td>\n<td valign=\"top\" width=\"288\">0.5g por cada churro<\/p>\n<p>1g por cada porra<\/td>\n<\/tr>\n<tr>\n<td valign=\"top\" width=\"288\">Donuts<\/td>\n<td valign=\"top\" width=\"288\">3g por cada donut de az\u00facar<\/td>\n<\/tr>\n<tr>\n<td valign=\"top\" width=\"288\">Croquetas<\/td>\n<td valign=\"top\" width=\"288\">2g por cada\u00a0 croquetas de La Cocinera<\/td>\n<\/tr>\n<tr>\n<td valign=\"top\" width=\"288\">Legumbres (lentejas, habas, guisantes, etc)<\/td>\n<td valign=\"top\" width=\"288\">10g por 100g en peso seco<\/p>\n<p>2g por 100 cocidas (1 cucharon escurrido)<\/td>\n<\/tr>\n<tr>\n<td colspan=\"2\" valign=\"top\" width=\"576\">\n<p align=\"center\"><strong>VERDURAS<\/strong><\/p>\n<\/td>\n<\/tr>\n<tr>\n<td valign=\"top\" width=\"288\">Fruta de todo tipo<\/td>\n<td valign=\"top\" width=\"288\">LIBRE<\/td>\n<\/tr>\n<tr>\n<td valign=\"top\" width=\"288\">Tub\u00e9rculos (patata, zanahoria, r\u00e1banos, batata, yuca, cebollas, ajos\u2026 etc)<\/td>\n<td valign=\"top\" width=\"288\">LIBRE<\/td>\n<\/tr>\n<tr>\n<td valign=\"top\" width=\"288\">Hortalizas de todo tipo<\/td>\n<td valign=\"top\" width=\"288\">LIBRE<\/td>\n<\/tr>\n<tr>\n<td valign=\"top\" width=\"288\">Setas<\/td>\n<td valign=\"top\" width=\"288\">LIBRE<\/td>\n<\/tr>\n<tr>\n<td colspan=\"2\" valign=\"top\" width=\"576\">\n<p align=\"center\"><strong>OTROS<\/strong><\/p>\n<\/td>\n<\/tr>\n<tr>\n<td valign=\"top\" width=\"288\">Frutos secos<\/td>\n<td valign=\"top\" width=\"288\">30g por cada 100 de frutos<\/td>\n<\/tr>\n<tr>\n<td valign=\"top\" width=\"288\">Cacao en Polvo<\/td>\n<td valign=\"top\" width=\"288\">30g por cada 100 de polvo<\/p>\n<p>0.1g cada cucharada de Nesquik (el Colacao tiene m\u00e1s)<\/td>\n<\/tr>\n<tr>\n<td valign=\"top\" width=\"288\">Tabletas de chocolate con leche<\/td>\n<td valign=\"top\" width=\"288\">10g por cada 100 de chocolate<\/td>\n<\/tr>\n<tr>\n<td valign=\"top\" width=\"288\">Aceites y vinagres<\/td>\n<td valign=\"top\" width=\"288\">LIBRE<\/td>\n<\/tr>\n<tr>\n<td valign=\"top\" width=\"288\">Az\u00facares<\/td>\n<td valign=\"top\" width=\"288\">LIBRE<\/td>\n<\/tr>\n<tr>\n<td valign=\"top\" width=\"288\">Edulcorantes<\/td>\n<td valign=\"top\" width=\"288\">El aspartamo es precursor de la fenilalanina<\/p>\n<p>NO TOMAR PRODUCTOS LIGHT<\/td>\n<\/tr>\n<tr>\n<td valign=\"top\" width=\"288\">Miel<\/td>\n<td valign=\"top\" width=\"288\">LIBRE<\/td>\n<\/tr>\n<tr>\n<td valign=\"top\" width=\"288\">Mermelada<\/td>\n<td valign=\"top\" width=\"288\">LIBRE<\/td>\n<\/tr>\n<tr>\n<td valign=\"top\" width=\"288\">Especias<\/td>\n<td valign=\"top\" width=\"288\">LIBRE<\/td>\n<\/tr>\n<tr>\n<td valign=\"top\" width=\"288\">Caldo<\/td>\n<td valign=\"top\" width=\"288\">LIBRE<\/p>\n<p>(aunque para hacerlo se utilice carne o pescado)<\/td>\n<\/tr>\n<tr>\n<td valign=\"top\" width=\"288\">Salsas ( tomate frito, Ketchup, mostaza, salsa de pimienta, de cebolla, de champi\u00f1ones\u00a0 etc)<\/td>\n<td valign=\"top\" width=\"288\">Si son naturales y hechas con verduras: LIBRE<\/p>\n<p>Si se espesan con Maicena: LIBRE<\/p>\n<p>Si se espesan con harinas: contar la harina<\/p>\n<p>Si no se sabe como esta hecha no tomar<\/td>\n<\/tr>\n<tr>\n<td valign=\"top\" width=\"288\"><\/td>\n<td valign=\"top\" width=\"288\">LIBRE si son naturales<\/p>\n<p>Vigilar que no tengan leche o cereales<\/td>\n<\/tr>\n<tr>\n<td valign=\"top\" width=\"288\">Horchata<\/td>\n<td valign=\"top\" width=\"288\">Horchata Chufi LIBRE<\/td>\n<\/tr>\n<tr>\n<td valign=\"top\" width=\"288\">Bebidas alcoh\u00f3licas<\/td>\n<td valign=\"top\" width=\"288\">LIBRE<\/td>\n<\/tr>\n<tr>\n<td valign=\"top\" width=\"288\">Productos de la asociaci\u00f3n PKU<\/td>\n<td valign=\"top\" width=\"288\">LIBRE<\/td>\n<\/tr>\n<tr>\n<td valign=\"top\" width=\"288\">Productos manufacturados<\/td>\n<td valign=\"top\" width=\"288\">Lo ideal es evitarlos<\/p>\n<p>Si contienen exclusivamente frutas o hortalizas son LIBRES<\/p>\n<p>Si contienen cereales, legumbres, frutos secos, ect hay que contar todas las prote\u00ednas del fabricante<\/td>\n<\/tr>\n<\/tbody>\n<\/table>\n<p><strong>\u00a0<\/strong><\/p>\n","protected":false},"excerpt":{"rendered":"<p>&nbsp; CONTENIDO EN PROTEINAS DE ALTO VALOR BIOLOGICO DE LOS ALIMENTOS NATURALES \u00a0 Dra. Belanger y Dra. Mart\u00ednez-Pardo Unidad de Enfermedades Metab\u00f3licas Servicio de Pediatr\u00eda Hospital Ram\u00f3n y Cajal La cantidad de prote\u00ednas de alto valor biol\u00f3gico de la siguiente lista est\u00e1 simplificada. La cantidad de prote\u00ednas cambia seg\u00fan el alimento en concreto de que &hellip;<\/p>\n<p class=\"read-more\"> <a class=\"\" href=\"https:\/\/asfema.org\/blog\/index.php\/contenido-en-proteinas-de-alto-valor-biologico-de-los-alimentos-naturales\/\"> <span class=\"screen-reader-text\">CONTENIDO EN PROTEINAS DE ALTO VALOR BIOLOGICO DE LOS ALIMENTOS NATURALES<\/span> Read More &raquo;<\/a><\/p>\n","protected":false},"author":1,"featured_media":3201,"parent":0,"menu_order":0,"comment_status":"open","ping_status":"open","template":"","meta":{"site-sidebar-layout":"default","site-content-layout":"default","ast-global-header-display":"","ast-banner-title-visibility":"","ast-main-header-display":"","ast-hfb-above-header-display":"","ast-hfb-below-header-display":"","ast-hfb-mobile-header-display":"","site-post-title":"","ast-breadcrumbs-content":"","ast-featured-img":"","footer-sml-layout":"","theme-transparent-header-meta":"","adv-header-id-meta":"","stick-header-meta":"","header-above-stick-meta":"","header-main-stick-meta":"","header-below-stick-meta":"","footnotes":""},"acf":[],"_links":{"self":[{"href":"https:\/\/asfema.org\/blog\/index.php\/wp-json\/wp\/v2\/pages\/54"}],"collection":[{"href":"https:\/\/asfema.org\/blog\/index.php\/wp-json\/wp\/v2\/pages"}],"about":[{"href":"https:\/\/asfema.org\/blog\/index.php\/wp-json\/wp\/v2\/types\/page"}],"author":[{"embeddable":true,"href":"https:\/\/asfema.org\/blog\/index.php\/wp-json\/wp\/v2\/users\/1"}],"replies":[{"embeddable":true,"href":"https:\/\/asfema.org\/blog\/index.php\/wp-json\/wp\/v2\/comments?post=54"}],"version-history":[{"count":2,"href":"https:\/\/asfema.org\/blog\/index.php\/wp-json\/wp\/v2\/pages\/54\/revisions"}],"predecessor-version":[{"id":3202,"href":"https:\/\/asfema.org\/blog\/index.php\/wp-json\/wp\/v2\/pages\/54\/revisions\/3202"}],"wp:featuredmedia":[{"embeddable":true,"href":"https:\/\/asfema.org\/blog\/index.php\/wp-json\/wp\/v2\/media\/3201"}],"wp:attachment":[{"href":"https:\/\/asfema.org\/blog\/index.php\/wp-json\/wp\/v2\/media?parent=54"}],"curies":[{"name":"wp","href":"https:\/\/api.w.org\/{rel}","templated":true}]}}